{"id":217,"date":"2018-11-29T07:03:15","date_gmt":"2018-11-29T07:03:15","guid":{"rendered":"http:\/\/www.sie-colegios.com\/san-francisco\/?page_id=217"},"modified":"2025-08-18T05:37:19","modified_gmt":"2025-08-18T05:37:19","slug":"quienes-somos","status":"publish","type":"page","link":"https:\/\/www.lalitojma.edu.pe\/portal\/nosotros\/quienes-somos\/","title":{"rendered":"Qui\u00e9nes Somos"},"content":{"rendered":"<p>[vc_row][vc_column width=&#8221;1\/2&#8243;][vc_column_text]La Instituci\u00f3n <strong>\u201cLalito &#8211; Jos\u00e9 Mar\u00eda Arguedas\u201d<\/strong> de Lur\u00edn les da la bienvenida al a\u00f1o escolar 2021, la instituci\u00f3n cada d\u00eda se hace necesario en todos los atributos del conocimiento humano, como siempre apostando por los ni\u00f1os y j\u00f3venes de nuestro pa\u00eds, sobre todo con esp\u00edritu emprendedor e innovador, que caracteriza a la instituci\u00f3n.<\/p>\n<p>&nbsp;<\/p>\n<p>Como l\u00edderes, nos sentimos satisfechos de ser ejemplo para la comunidad en todos los aspectos, no s\u00f3lo elevamos el nivel acad\u00e9mico sino tambi\u00e9n los valores c\u00edvico patriotico y religioso, hoy nuestros alumnos del nivel primaria y secundaria demuestran respeto y patriotismo a trav\u00e9s de su pasos firmes y elegantes en este acto civico.<\/p>\n<p>&nbsp;<\/p>\n<p>La Instituci\u00f3n <strong>Lalito \u2013 Jos\u00e9 Mar\u00eda Arguedas<\/strong> nace el a\u00f1o 1992, siendo su directora fundadora la Lic. Gladis Inocente Flores.<\/p>\n<p>&nbsp;<\/p>\n<p>Hoy dia cuenta con mas de 1100 alumnos en los tres niveles de inicial, primaria y secundaria en su local ecologico del Jiron Bolivar.<\/p>\n<p>&nbsp;<\/p>\n<p>Nuestra instituci\u00f3n educativa cada a\u00f1o se prepara para recibir a los ni\u00f1os y j\u00f3venes estudiantes, con mucha alegr\u00eda que ellos aspiran ser parte de nuestra familia arguediana.<\/p>\n<p>&nbsp;<\/p>\n<p>La IEP <strong>Lalito \u2013 Jos\u00e9 Mar\u00eda Arguedas<\/strong>, presenta el proceso de <strong>ADMISI\u00d3N 2021<\/strong>, el mismo que ha sido elaborado a la dif\u00edcil coyuntura actual que nos ha tocado vivir debido a la pandemia covid-19, que ha originado diversos cambios en nuestro estilo de vida, hoy adaptado el proceso de admisi\u00f3n a nivel personal, familiar e institucional con el prop\u00f3sito y convicci\u00f3n de seguir brindando el servicio de calidad educativa con identidad que nos caracteriza y porder atender la demanda del servicio educativo a las familias que lo requieran.<\/p>\n<p>&nbsp;<\/p>\n<p>Se ha programado actividades que nos permitir\u00e1n conocerlos y presentarles nuestras propuestas educativas .esperamos satisfacer sus espectativas y puedan tomar una sabia decis\u00f3n de elegir la mejor instituci\u00f3n del cono sur, as\u00ed nos la hace saber nuestra comunidad con el incremento de alumnado cada a\u00f1o.<\/p>\n<p>&nbsp;<\/p>\n<p>La Instituci\u00f3n cuenta con personal directivo y docente de primera l\u00ednea, capacitados, actualizados y preparados en las nuevas metodologias de la ense\u00f1anza aprendizaje, ofrece una formaci\u00f3n integral en su moderna infraestructura a mas de 7000 m2, con ambientes adecuados para los laboratorio de ciencias y multimedia, sala de c\u00f3mputo moderno, amplio campo deportivo, departamento psicol\u00f3gico y psicopedag\u00f3gico permanente.<\/p>\n<p>&nbsp;<\/p>\n<p><strong>Conf\u00eda en nosotros y recibir\u00e1s m\u00e1s de lo que esperas.<\/strong>[\/vc_column_text][\/vc_column][vc_column width=&#8221;1\/2&#8243;]<\/p>\n<div class=\"image wrap-box style-5 below\" style=\"\">\n<div class=\"wrap-box-inner\">\n<div class=\"shadow-wrap\"><img decoding=\"async\" class=\"wrap-box-element\" style=\" \" src=\"https:\/\/www.lalitojma.edu.pe\/portal\/wp-content\/uploads\/2020\/01\/interior-imagen-31.jpg\" alt=\"\"\/><\/div>\n<\/div>\n<\/div>\n<p>[\/vc_column][\/vc_row]<\/p>\n","protected":false},"excerpt":{"rendered":"<p>[vc_row][vc_column width=&#8221;1\/2&#8243;][vc_column_text]La Instituci\u00f3n \u201cLalito &#8211; Jos\u00e9 Mar\u00eda Arguedas\u201d de Lur\u00edn les da la bienvenida al a\u00f1o escolar 2021, la instituci\u00f3n&#8230;<\/p>\n","protected":false},"author":1,"featured_media":0,"parent":8,"menu_order":0,"comment_status":"closed","ping_status":"closed","template":"","meta":{"footnotes":""},"class_list":["post-217","page","type-page","status-publish","hentry"],"_links":{"self":[{"href":"https:\/\/www.lalitojma.edu.pe\/portal\/wp-json\/wp\/v2\/pages\/217"}],"collection":[{"href":"https:\/\/www.lalitojma.edu.pe\/portal\/wp-json\/wp\/v2\/pages"}],"about":[{"href":"https:\/\/www.lalitojma.edu.pe\/portal\/wp-json\/wp\/v2\/types\/page"}],"author":[{"embeddable":true,"href":"https:\/\/www.lalitojma.edu.pe\/portal\/wp-json\/wp\/v2\/users\/1"}],"replies":[{"embeddable":true,"href":"https:\/\/www.lalitojma.edu.pe\/portal\/wp-json\/wp\/v2\/comments?post=217"}],"version-history":[{"count":12,"href":"https:\/\/www.lalitojma.edu.pe\/portal\/wp-json\/wp\/v2\/pages\/217\/revisions"}],"predecessor-version":[{"id":925,"href":"https:\/\/www.lalitojma.edu.pe\/portal\/wp-json\/wp\/v2\/pages\/217\/revisions\/925"}],"up":[{"embeddable":true,"href":"https:\/\/www.lalitojma.edu.pe\/portal\/wp-json\/wp\/v2\/pages\/8"}],"wp:attachment":[{"href":"https:\/\/www.lalitojma.edu.pe\/portal\/wp-json\/wp\/v2\/media?parent=217"}],"curies":[{"name":"wp","href":"https:\/\/api.w.org\/{rel}","templated":true}]}}