{"id":629,"date":"2020-01-11T13:49:29","date_gmt":"2020-01-11T13:49:29","guid":{"rendered":"http:\/\/www.lalitojma.edu.pe\/portal\/?page_id=629"},"modified":"2020-02-11T03:47:47","modified_gmt":"2020-02-11T03:47:47","slug":"servicios","status":"publish","type":"page","link":"https:\/\/www.lalitojma.edu.pe\/portal\/nosotros\/servicios\/","title":{"rendered":"Servicios"},"content":{"rendered":"<p>[vc_row content_placement=&#8221;middle&#8221;][vc_column width=&#8221;1\/2&#8243;][vc_column_text]La Instituci\u00f3n brinda diversos servicios para mejorar la calidad educativa en beneficio de nuestra Comunidad Educativa. A continuaci\u00f3n enumeramos algunos de los servicios:<\/p>\n<ul>\n<li>Amplia y moderna infraestructura.<\/li>\n<li>Ambientes especiales para el desarrollo de una buena preparaci\u00f3n acad\u00e9mica.<\/li>\n<li>Plana docente seleccionada.<\/li>\n<li>Modernas y amplias aulas de computaci\u00f3n.<\/li>\n<li>Computadoras de \u00faltima generaci\u00f3n.<\/li>\n<li>Aulas equipadas con multimedia.<\/li>\n<li>Aulas amplias y equipas con pizarras interactivas.<\/li>\n<li>Conectividad (wi-fi) en todo el campo de la instituci\u00f3n.<\/li>\n<li>C\u00e1maras multimedia en las aulas &#8211; aulas con c\u00e1maras de circuito cerrado.<\/li>\n<li>Aulas virtuales: para las \u00e1reas de comunicaci\u00f3n, sociales.<\/li>\n<li>Especialistas en problemas de aprendizaje.<\/li>\n<li>Aulas especiales para el desarrollo de psicomotricidad.<\/li>\n<li>Laboratorios de ciencias especializados.<\/li>\n<li>Informaci\u00f3n de sus notas, asistencia, a trav\u00e9s de m\u00f3dulos v\u00eda intranet.<\/li>\n<li>Nivelaci\u00f3n a los alumnos que por enfermedad no asisten a clases.<\/li>\n<li>Amplios campos de recreaci\u00f3n.<\/li>\n<li>Moderno auditorio.<\/li>\n<li>Amplio campo ecol\u00f3gico para el desarrollo de las actividades.<\/li>\n<li>Escenario campestre.<\/li>\n<li>Loza deportiva.<\/li>\n<li>Comedor estudiantil, con asesor\u00eda de un nutricionista.<\/li>\n<li>Programas de asesoramiento personal especializado.<\/li>\n<li>Informaci\u00f3n acad\u00e9mica permanente.<\/li>\n<li>Comunicaci\u00f3n directa y oportuna con los padres de familia.<\/li>\n<li>Orientaci\u00f3n vocacional directamente en las diferentes universidades promovidas por nuestro director.<\/li>\n<li>Departamento psicopedag\u00f3gico.<\/li>\n<li>Programas de control de salud.<\/li>\n<li>Biblioteca equipada para el nivel inicial.<\/li>\n<\/ul>\n<p>&nbsp;<\/p>\n<p>&nbsp;<\/p>\n<p>&nbsp;<\/p>\n<p>&nbsp;<\/p>\n<p>&nbsp;<\/p>\n<p>&nbsp;<\/p>\n<p>&nbsp;<\/p>\n<p>&nbsp;[\/vc_column_text][\/vc_column][vc_column width=&#8221;1\/2&#8243;]<\/p>\n<div class=\"image wrap-box style-5 below\" style=\"\">\n<div class=\"wrap-box-inner\">\n<div class=\"shadow-wrap\"><img decoding=\"async\" class=\"wrap-box-element\" style=\" \" src=\"http:\/\/www.lalitojma.edu.pe\/portal\/wp-content\/uploads\/2020\/01\/interior-imagen-4.jpg\" alt=\"\"\/><\/div>\n<\/div>\n<\/div>\n<div class=\"image wrap-box style-5 below\" style=\"\">\n<div class=\"wrap-box-inner\">\n<div class=\"shadow-wrap\"><img decoding=\"async\" class=\"wrap-box-element\" style=\" \" src=\"http:\/\/www.lalitojma.edu.pe\/portal\/wp-content\/uploads\/2020\/01\/interior-imagen-19.jpg\" alt=\"\"\/><\/div>\n<\/div>\n<\/div>\n<p>[\/vc_column][\/vc_row]<\/p>\n","protected":false},"excerpt":{"rendered":"<p>[vc_row content_placement=&#8221;middle&#8221;][vc_column width=&#8221;1\/2&#8243;][vc_column_text]La Instituci\u00f3n brinda diversos servicios para mejorar la calidad educativa en beneficio de nuestra Comunidad Educativa. A continuaci\u00f3n&#8230;<\/p>\n","protected":false},"author":1,"featured_media":0,"parent":8,"menu_order":0,"comment_status":"closed","ping_status":"closed","template":"","meta":{"footnotes":""},"class_list":["post-629","page","type-page","status-publish","hentry"],"_links":{"self":[{"href":"https:\/\/www.lalitojma.edu.pe\/portal\/wp-json\/wp\/v2\/pages\/629"}],"collection":[{"href":"https:\/\/www.lalitojma.edu.pe\/portal\/wp-json\/wp\/v2\/pages"}],"about":[{"href":"https:\/\/www.lalitojma.edu.pe\/portal\/wp-json\/wp\/v2\/types\/page"}],"author":[{"embeddable":true,"href":"https:\/\/www.lalitojma.edu.pe\/portal\/wp-json\/wp\/v2\/users\/1"}],"replies":[{"embeddable":true,"href":"https:\/\/www.lalitojma.edu.pe\/portal\/wp-json\/wp\/v2\/comments?post=629"}],"version-history":[{"count":2,"href":"https:\/\/www.lalitojma.edu.pe\/portal\/wp-json\/wp\/v2\/pages\/629\/revisions"}],"predecessor-version":[{"id":632,"href":"https:\/\/www.lalitojma.edu.pe\/portal\/wp-json\/wp\/v2\/pages\/629\/revisions\/632"}],"up":[{"embeddable":true,"href":"https:\/\/www.lalitojma.edu.pe\/portal\/wp-json\/wp\/v2\/pages\/8"}],"wp:attachment":[{"href":"https:\/\/www.lalitojma.edu.pe\/portal\/wp-json\/wp\/v2\/media?parent=629"}],"curies":[{"name":"wp","href":"https:\/\/api.w.org\/{rel}","templated":true}]}}